= k + 7*v + 3*v - v**2 - 13*v. Let s = -2 - 4. Determine j(s).
-13
Let u(t) = -3*t**2 - 18*t - 1. Suppose -3*y - 676 = -658. Determine u(y).
-1
Let v(z) = -7*z + 3*z + 693*z**2 - 8*z - 683*z**2 + 12 - z**3. Determine v(8).
44
Let u(d) be the first derivative of -1/2*d**2 - d + 9. Calculate u(-1).
0
Let l(u) = -u**3 - u**2 - u - 2. Suppose -8 + 3 = -q. Suppose -x = 5*h - 2*h - 9, -q*h = 4*x - 15. Give l(x).
-2
Let o = 20 - 0. Let c(j) = -45*j + o*j + 24*j. What is c(3)?
-3
Let n(y) = -6*y**3 - y**2 + 9*y - 4. Let g(m) be the first derivative of 7*m**4/4 - 5*m**2 + 3*m - 12. Let x(s) = 5*g(s) + 6*n(s). Determine x(-7).
12
Let x(m) = -2*m + 1. Let t be -86*((-25)/(-10) + -3). Let j = 49 - t. Determine x(j).
-11
Let n(p) = -p - 4. Let g be n(-6). Let f(r) = 156*r**2 + 6*r**3 - 76*r**2 - 79*r**g. Let q(v) = -v - 1. Let z be q(0). Give f(z).
-5
Let g(k) = -3*k - 3. Let l = 208 - 212. Calculate g(l).
9
Let h(o) be the third derivative of -o**4/24 - o**3/3 - 2*o**2 + 3. Determine h(7).
-9
Let l(d) = -d**2 + 10. Let s be l(-4). Let j be ((-7)/28 - s/8)*-12. Let z(c) = c**2 + 7*c - 7. Calculate z(j).
-13
Let w = 7 + 13. Suppose -2*a - a - l + w = 0, 2*l = -a + 10. Let o(b) = b - 4. Give o(a).
2
Let z be (10/6)/(-5)*-9. Let d(a) = -3*a**3 + 2*a**3 + 2 + 2*a + 3*a + 4*a**2 + z. Let h be ((-57)/38)/(21/30 - 1). Calculate d(h).
5
Suppose 0 = -3*z - 20 + 29. Let q(m) be the second derivative of 0 - z*m + 1/3*m**3 + m**2. Determine q(5).
12
Let h be -2*(6/(-4))/1. Let i be 3 + 3/(4 - h). Let t be (i/4)/(7/(-28)). Let f(c) = -c - 4. What is f(t)?
2
Let c(z) = 3*z**3 + 16*z**2 - z - 8. Let n(t) = -t**3 - 5*t**2 + 2. Let m(s) = 2*c(s) + 7*n(s). What is m(-3)?
4
Let g(n) = 3 - 3*n + 0*n - 2*n + 6*n. Suppose 0 = -4*v + 8, -2*j + 3*v + 0 = 6. Determine g(j).
3
Suppose 8 = 9*z - 5*z. Let o(c) = -4 + 3 - 9*c**z + 10*c**2 - 10*c. Determine o(9).
-10
Let j(w) be the first derivative of -w**3/3 - 5*w**2/2 + 5*w + 67. Determine j(-7).
-9
Let n = 1242 + -1263. Let v(j) = -j**2 - 20*j + 28. Give v(n).
7
Let t(b) be the second derivative of -b**4/12 + b**3/3 + 2*b**2 + 367*b. Calculate t(-6).
-44
Let n(w) = 3*w**2 + 2*w. Let i(q) = -4*q**2 - 2*q - 1. Let x(l) = 3*i(l) + 2*n(l). Determine x(-2).
-23
Let f(a) = a - 1. Let i(p) = -p**3 - 8*p**2 - 13*p + 8. Let j be i(-6). Suppose -k = -2*c - 14, 0 = -2*c - k - k - j. What is f(c)?
-8
Suppose -5*t = 3*r - 27, -2*r + 5 = -t + 13. Let c = t + -11. Let v(x) = -9*x + 23*x - 13*x + 6. Give v(c).
1
Let a(l) = 10*l - 22. Let g(k) = 5*k - 10. Let x(s) = -3*a(s) + 5*g(s). What is x(5)?
-9
Suppose 16 = 16*l - 12*l. Let k(j) = -2*j + 3 - l*j**2 - 4*j + 0*j + j. Let d(m) = 5*m**2 + 5*m - 3. Let f(q) = -3*d(q) - 4*k(q). Calculate f(-6).
3
Let q(x) = -76*x + 151*x - 67*x. Calculate q(1).
8
Let y = -2 + 4. Let b(d) be the third derivative of d**7/840 - d**5/120 + d**4/12 + d**3/6 - 5*d**2. Let o(c) be the first derivative of b(c). What is o(y)?
8
Let y(r) be the third derivative of -6*r**2 + 0 + 7/3*r**3 - 1/6*r**4 + 0*r. Let p be y(5). Let t(k) = k**3 + 7*k**2 + 4*k - 6. Determine t(p).
6
Suppose 3*g - 8*g + 25 = 0. Let l(r) be the first derivative of r**3/3 - 7*r**2/2 + 3*r - 15. Determine l(g).
-7
Let n(h) = 2*h + 12523 - 3*h - 12523. What is n(-8)?
8
Let n(x) = x**2 + 11*x + 14. Let p(q) = -2*q**3 - 69*q**2 + 36*q + 25. Let y be p(-35). What is n(y)?
4
Let f(q) = 0*q**2 + 4*q - 9 + 4*q**3 - 5*q**2 - 3*q**3 + 5 + 5. Let s be -5*(-1 + 0/3). Suppose -1 = v - s. What is f(v)?
1
Let p(q) = 26*q**2 - 41*q**2 - 5 + 6*q + 16*q**2. Give p(-6).
-5
Suppose 27 - 11 = 4*u. Suppose -u*d - 8 = -0*i + 5*i, -i = -2*d + 10. Let l(n) = 3*n - 3. What is l(d)?
6
Let h = 70 - 65. Let m(w) = -h*w + 3*w + 2*w + 3*w. Calculate m(5).
15
Let q(c) = 3*c + 16. Suppose 14*i - 17*i = 24. What is q(i)?
-8
Let b be (-63)/18*(-24)/14. Suppose y - 35 = -4*y. Let u(f) = 7*f - 40*f**2 + 80*f**2 - 41*f**2 + y. What is u(b)?
13
Let y be (-1)/((-3)/30*2). Let d = -42 - -40. Let b be (-21 + -4)/y - d. Let a(q) = -q**3 - 5*q**2 - 5*q - 4. Determine a(b).
-7
Let i(a) be the second derivative of -a**3/6 + a**2 - 3393*a + 1. Suppose -4*j = 18 + 30. Let f = j - -7. What is i(f)?
7
Let k(g) be the second derivative of 0 - 1/6*g**3 + 7*g**2 - 12*g. What is k(0)?
14
Let r(f) = f - 12. Let p = 274 + -274. What is r(p)?
-12
Let w(b) = -2*b**2 + 2*b + 1. Let u(j) = -9*j**2 + 11*j - 29. Let c(p) = -u(p) + 5*w(p). What is c(0)?
34
Let t(i) be the third derivative of i**7/2520 - i**6/360 - i**5/120 - 11*i**4/24 + 19*i**2. Let s(r) be the second derivative of t(r). What is s(3)?
2
Let o be -11*16/(-88) - -8. Let l(s) = -3*s + 36. Calculate l(o).
6
Let n(m) = 10*m - 97. Let d be n(9). Let i(k) = k + 3. Give i(d).
-4
Let b(h) = h + 1. Let s(l) = 4*l + 3. Let y(d) = -5*b(d) + s(d). Let c = -31 + 24. Let p be y(c). Let z(n) = n - 11. Give z(p).
-6
Let p = -2229 + 2251. Let x(f) = f**3 - 23*f**2 + 23*f - 15. Give x(p).
7
Suppose 3*h - h - z = -7, -5*h = 4*z - 2. Let o = -10 + h. Let n be 4/(-24) + 70/o. Let l(y) = -y - 8. Determine l(n).
-2
Let d(q) = q**3 - 2*q**2 - q - 2. Let f(w) = 5*w**3 - 9*w**2 - 4*w - 11. Let o(c) = -6*d(c) + f(c). What is o(4)?
-7
Let t(m) = m**2 + 15*m - 22. Let d be t(-18). Let z = 38 - d. Let g(o) be the second derivative of -o**3/3 + 3*o**2 - 2*o. Give g(z).
-6
Let f = -39 + 43. Let y(d) = -d**3 + 0*d + f*d**2 - 141 - 5*d + 146. What is y(4)?
-15
Let a(m) = 7*m**2 + 1. Let o = 75 - 48. Let c = o + -26. Calculate a(c).
8
Let b(a) be the third derivative of a**6/120 - a**5/10 - 7*a**4/24 + 7*a**3/6 + 28*a**2. Let l = 5 + 2. What is b(l)?
7
Let s be 2*-1 + (-50)/(-10). Let x(l) = s*l - 1089 + 1083 - 5*l. Suppose 2*d + 2*k = -12, -5*d + 4*k - 16 = 5. Determine x(d).
4
Let m = -28 - -30. Let c(p) = -7 + 3*p**2 - p - 2*p**m - p**3 - 4*p + 6*p**2. Determine c(6).
-1
Let s(h) be the second derivative of -h**3 - 5*h**2/2 - 17*h + 6. Calculate s(-6).
31
Suppose -5*x + 30 = -5*g, -4*g - 7 = 5*x - 1. Let v(h) = -1888*h - 1887*h + 5668*h - 1892*h. Calculate v(g).
-4
Let a(o) be the first derivative of -o**3/3 + 15*o**2/2 - 8*o + 73. Calculate a(15).
-8
Let x(a) be the third derivative of -1/6*a**3 + 0*a + 1/12*a**4 - 5*a**2 + 0. Suppose -4*k - 20 = 0, 3*u = 5*k + 34 - 6. What is x(u)?
1
Let p(o) be the first derivative of o**4/4 - 8*o**3/3 + 9*o**2/2 - 7*o - 5. Let c = 531 - 525. Give p(c).
-25
Let r be (2 - 2)/(-12 - -3 - -7). Let x(b) = -b + 2. Give x(r).
2
Let l(z) = 5*z - 1. Let h = -216 + 215. Give l(h).
-6
Let z(f) = 5 - 36261*f + 36269*f + 4. What is z(-2)?
-7
Let g be (4 - (-96)/(-18))/((-4)/3). Let k(q) = -3*q**3 - 3*q**2 + 3*q - 1. What is k(g)?
-4
Suppose -5*y - 16 = -2*y - 5*c, -c - 4 = -3*y. Let r = 5 - y. Let n(j) = -j**r + 4 + j - 7 + 3. Calculate n(-1).
-2
Let v(k) = k**3 - 14*k**2 - 33*k + 9. Let f = -278 - -294. What is v(f)?
-7
Let l(h) = -h**3 - 6*h**2 - 2*h + 1. Let f(u) = u**2 + 7*u - 14. Let o be f(-10). Let w = -13 + o. Suppose -2*m - w*m = 10. Determine l(m).
-11
Let o(m) = -8*m**3 + 2*m**2 + 4*m - 13. Let j(k) = -8*k**3 + 2*k**2 + 3*k - 10. Let u(v) = -4*j(v) + 3*o(v). Determine u(1).
7
Let u(r) = -31 + 12*r + 24 + 7. Give u(2).
24
Let z = -58 - -55. Let i(s) = s**3 + 4*s**2 - 2*s - 5. Let p be i(-4). Let c(r) = 1 - p*r + 0 - 2. Determine c(z).
8
Let b(n) = -n**3 - 9*n**2 + 2*n + 2. Let p be (1 + -10)/(39 + -38). Calculate b(p).
-16
Let g(r) = 23 + 86*r - 32*r - 8 - 26*r - 27*r. Give g(-11).
4
Let g(b) = -b - 6. Let w = 37 + -42. Calculate g(w).
-1
Let b(y) = 7*y**2 - 2*y - 3. Let p(l) = 36*l**2 - 10*l - 16. Let d(v) = -11*b(v) + 2*p(v). Let a be 4 + (-9)/3 - -5. Let c be 4/1 - 30/a. Calculate d(c).
-6
Let k = 1570 + -1578. Let t(c) = c**2 + 6*c. Determine t(k).
16
Let q(m) = -3*m - 4. Let d(p) = p**2 - 5*p + 1. Suppose -2*l + 0 = 2*j + 6, 4*l = 5*j - 30. Let a be 4/(-1) + (3 - l). Let x be d(a). Calculate q(x).
5
Let y(l) = l + 4. Let u(b) = -b**2. Suppose -2*j + 8 = 2*c - 5*j, -2*c - 4*j = 20. Let d be (-12)/5 + c/(-5). Let v be u(d). Determine y(v).
0
Let j(l) = -3 - 213*l + 412*l - 192*l. Give j(-7).
-52
Let y(g) = -7*g**2 + 6*g - 5. Let n(z) = 11*z**2 - 6*z + 6. Let i(c) = -2*n(c) - 3*y(c). Determine i(-7).
-4
Let d(g) = -17 + 5*g + 0*g - 8*g - 13. Determine d(-12).
6
Suppose 4*q + 2*p - 14 + 0 = 0, 0 = -4*q + p - 1. Suppose -5*o + 2*d = -17, 11 =